{"id":15923,"date":"2017-06-28T13:26:24","date_gmt":"2017-06-28T11:26:24","guid":{"rendered":"https:\/\/rolfbrunold.ch\/?page_id=15923"},"modified":"2026-03-24T17:57:47","modified_gmt":"2026-03-24T16:57:47","slug":"praesentation","status":"publish","type":"page","link":"https:\/\/rolfbrunold.ch\/index.php\/praesentation\/","title":{"rendered":"Pr\u00e4sentation"},"content":{"rendered":"<div class=\"wpb-content-wrapper\"><p>[vc_row][vc_column width=&#8220;2\/3&#8243;][vc_column_text]<\/p>\n<h1><strong>Das Pr\u00e4sentations-Training<\/strong><\/h1>\n<p>Kunden \u00fcberzeugen, eine neue Idee oder ein neues Produkt zu kaufen. Mitarbeitende und Vorgesetzte f\u00fcr Ver\u00e4nderungen motivieren. Konkurrenten in ein Teamwork verpflichten. Wie schaffen es Unternehmen, solche Herausforderungen in gesch\u00e4ftliche Erfolge zu verwandeln?<\/p>\n<p>Rolf Brunold liefert seit \u00fcber 25 Jahren wirksame Werkzeuge, um ihren Standpunkt erfolgreich klar zu machen. Dieses Training bef\u00e4higt Sie, Mitarbeiter und Gesch\u00e4ftsleute, vor jedem Gremium und egal unter welchen Bedingungen zuversichtlich und \u00fcberzeugend zu kommunizieren. Es vermittelt Ihnen die F\u00e4higkeiten und Strategien, um Ihre Themen erfolgreich anzugehen, das Vertrauen jeder Zuh\u00f6rerschaft zu gewinnen und starke Botschaften zu pr\u00e4sentieren. Das Training hilft Ihnen, neues Wachstum zu erzeugen.<\/p>\n<p>Die TeilnehmerInnen arbeiten an\u00a0den Ursachen, in einem kontinuierlichen Wachstumszyklus in vier Phasen:<\/p>\n<ul>\n<li><strong>Einstellung<\/strong> &#8211; Sich weiterbilden, sich vor Augen halten, was aus Ihnen werden kann<\/li>\n<li><strong>Wissen<\/strong> &#8211; Informationen, Werkzeuge, Methoden und Strategien<\/li>\n<li><strong>Praxis<\/strong> &#8211; Anwendung des Wissens in der Praxis, in realen, eigenen Alltagssituationen<\/li>\n<li><strong>Vertiefung<\/strong> &#8211; Weiterer Ausbau der Kenntnisse, um Spitzenleistungen zu erm\u00f6glichen<\/li>\n<\/ul>\n<p>Sie strukturieren Ihre Vorstellung, steigern Glaubw\u00fcrdigkeit, verkaufen Ihre Ideen. Sie wissen, wie Sie Stimme und Gestik einsetzen. Sie halten formale Reden, nehmen aus dem Stegreif Stellung und bewahren selbst in einer umstrittenen Pressekonferenz Gelassenheit und \u00dcberblick.<\/p>\n<p>Werden Sie und Ihre MitarbeiterInnen zu Gewinnern! Messen Sie den markanten Unterschied im pers\u00f6nlichen und im gesch\u00e4ftlichen Resultat, die Auswirkung besserer Kommunikation, das gesteigerte Firmenimage, die aktivierten Verk\u00e4ufe&#8230; und das h\u00f6here Plus unterm Strich. Trainieren Sie Ihre &#8222;Soft Skills&#8220; mit diesem zweit\u00e4gigen Training. Es lohnt sich!<\/p>\n<p>Die n\u00e4chsten Pr\u00e4sentations-Trainings starten:<\/p>\n<p><strong>Donnerstag\/Freitag, 21.\/22. Mai 2026, 08.15 &#8211; 17.00 Uhr<br \/>\n<\/strong><strong>Donnerstag\/Freitag, 05.\/06. November 2026, 08.15 &#8211; 17.00 Uhr \u00a0<\/strong><\/p>\n<p><strong><a href=\"https:\/\/pfarrei-st-franziskus.ch\/ueber-uns\/lageplan\/\">Ort: Bassersdorf<\/a><\/strong><\/p>\n<p style=\"margin: 0px 0px 20px; padding: 0px; border: 0px currentColor; color: #424242; text-transform: none; line-height: inherit; text-indent: 0px; letter-spacing: normal; font-family: 'Open Sans', Arial, Helvetica, sans-serif; font-size: 16px; font-style: normal; font-weight: normal; word-spacing: 0px; vertical-align: baseline; white-space: normal; orphans: 2; widows: 2; font-stretch: inherit; background-color: #ffffff; font-variant-ligatures: normal; font-variant-caps: normal; -webkit-text-stroke-width: 0px; text-decoration-style: initial; text-decoration-color: initial; font-variant-numeric: inherit;\"><strong>Investition:<\/strong> CHF 2200 inkl. Material, Pausengetr\u00e4nke und Mittagessen<br \/>\n<a href=\"https:\/\/rolfbrunold.ch\/index.php\/anmeldung-praesentation\/\" target=\"_self\" class=\"button color-2 small \" style=\"border-radius: 2px;\">Anmelden<\/a>\n<p>Gerne stehe ich Ihnen bei weiteren Fragen zur Verf\u00fcgung, oder vereinbaren Sie jetzt ein erstes unverbindliches Gespr\u00e4ch unter <strong>044 888 60 60<\/strong>. Ein Anruf oder eine E-Mail gen\u00fcgt.<br \/>\n<a class=\"button color-1 small \" href=\"https:\/\/rolfbrunold.ch\/index.php\/kontakt\/\" target=\"_self\" rel=\"noopener noreferrer\">KONTAKT<\/a>[\/vc_column_text][\/vc_column][vc_column width=&#8220;1\/3&#8243;]<div class=\"single_image wpb_content_element align-left    \" data-animation=\"none\" data-delay=\"0\"><a href=\"https:\/\/rolfbrunold.ch\/wp-content\/uploads\/2026\/03\/Flyer-HIP_Nov25Jan26_RB_orig.pdf\" target=\"_blank\"><img loading=\"lazy\" decoding=\"async\" width=\"720\" height=\"1040\" src=\"https:\/\/rolfbrunold.ch\/wp-content\/uploads\/2026\/03\/Folie1-1.jpg\" class=\"attachment-full\" alt=\"\" title=\"Folie1\" srcset=\"https:\/\/rolfbrunold.ch\/wp-content\/uploads\/2026\/03\/Folie1-1.jpg 720w, https:\/\/rolfbrunold.ch\/wp-content\/uploads\/2026\/03\/Folie1-1-208x300.jpg 208w, https:\/\/rolfbrunold.ch\/wp-content\/uploads\/2026\/03\/Folie1-1-709x1024.jpg 709w\" sizes=\"auto, (max-width: 720px) 100vw, 720px\" \/><\/a><\/div><div class=\"single_image wpb_content_element align-left    \" data-animation=\"none\" data-delay=\"0\"><img loading=\"lazy\" decoding=\"async\" width=\"297\" height=\"170\" src=\"https:\/\/rolfbrunold.ch\/wp-content\/uploads\/2017\/06\/Ich-will.jpg\" class=\"attachment-full\" alt=\"\" title=\"Ich will\" \/><\/div>[\/vc_column][\/vc_row]<\/p>\n<\/div>","protected":false},"excerpt":{"rendered":"<p>[vc_row][vc_column width=&#8220;2\/3&#8243;][vc_column_text] Das Pr\u00e4sentations-Training Kunden \u00fcberzeugen, eine neue Idee oder ein neues Produkt zu kaufen. Mitarbeitende und Vorgesetzte f\u00fcr Ver\u00e4nderungen motivieren. Konkurrenten in ein Teamwork verpflichten. Wie schaffen es Unternehmen, solche Herausforderungen in gesch\u00e4ftliche Erfolge zu verwandeln? Rolf Brunold liefert seit \u00fcber 25 Jahren wirksame Werkzeuge, um ihren Standpunkt erfolgreich klar zu machen. Dieses Training bef\u00e4higt Sie, Mitarbeiter und Gesch\u00e4ftsleute, vor jedem Gremium und egal unter welchen Bedingungen zuversichtlich und \u00fcberzeugend zu kommunizieren. Es vermittelt Ihnen die F\u00e4higkeiten und Strategien, um Ihre Themen erfolgreich anzugehen, das Vertrauen jeder Zuh\u00f6rerschaft zu gewinnen und starke Botschaften zu pr\u00e4sentieren. Das Training hilft Ihnen, neues Wachstum zu erzeugen. Die TeilnehmerInnen arbeiten an\u00a0den Ursachen, in einem kontinuierlichen Wachstumszyklus in vier Phasen: Einstellung &#8211; Sich weiterbilden, sich vor Augen halten, was aus Ihnen werden kann Wissen &#8211; Informationen, Werkzeuge, Methoden und Strategien Praxis &#8211; Anwendung des Wissens in der Praxis, in realen, eigenen Alltagssituationen Vertiefung &#8211; Weiterer Ausbau der Kenntnisse, um Spitzenleistungen zu erm\u00f6glichen Sie strukturieren Ihre Vorstellung, steigern Glaubw\u00fcrdigkeit, verkaufen Ihre Ideen. Sie wissen, wie Sie Stimme und Gestik einsetzen. Sie halten formale Reden, nehmen aus dem Stegreif Stellung und bewahren selbst in einer umstrittenen Pressekonferenz Gelassenheit und \u00dcberblick. Werden Sie und Ihre MitarbeiterInnen zu [&hellip;]<\/p>\n","protected":false},"author":2,"featured_media":0,"parent":0,"menu_order":0,"comment_status":"closed","ping_status":"closed","template":"","meta":{"footnotes":""},"class_list":["post-15923","page","type-page","status-publish","hentry"],"_links":{"self":[{"href":"https:\/\/rolfbrunold.ch\/index.php\/wp-json\/wp\/v2\/pages\/15923","targetHints":{"allow":["GET"]}}],"collection":[{"href":"https:\/\/rolfbrunold.ch\/index.php\/wp-json\/wp\/v2\/pages"}],"about":[{"href":"https:\/\/rolfbrunold.ch\/index.php\/wp-json\/wp\/v2\/types\/page"}],"author":[{"embeddable":true,"href":"https:\/\/rolfbrunold.ch\/index.php\/wp-json\/wp\/v2\/users\/2"}],"replies":[{"embeddable":true,"href":"https:\/\/rolfbrunold.ch\/index.php\/wp-json\/wp\/v2\/comments?post=15923"}],"version-history":[{"count":50,"href":"https:\/\/rolfbrunold.ch\/index.php\/wp-json\/wp\/v2\/pages\/15923\/revisions"}],"predecessor-version":[{"id":19931,"href":"https:\/\/rolfbrunold.ch\/index.php\/wp-json\/wp\/v2\/pages\/15923\/revisions\/19931"}],"wp:attachment":[{"href":"https:\/\/rolfbrunold.ch\/index.php\/wp-json\/wp\/v2\/media?parent=15923"}],"curies":[{"name":"wp","href":"https:\/\/api.w.org\/{rel}","templated":true}]}}