{"id":15920,"date":"2017-06-28T13:25:55","date_gmt":"2017-06-28T11:25:55","guid":{"rendered":"https:\/\/rolfbrunold.ch\/?page_id=15920"},"modified":"2023-04-23T21:34:21","modified_gmt":"2023-04-23T19:34:21","slug":"leadership","status":"publish","type":"page","link":"https:\/\/rolfbrunold.ch\/index.php\/leadership\/","title":{"rendered":"Inner-Leadership"},"content":{"rendered":"<div class=\"wpb-content-wrapper\"><p>[vc_row][vc_column width=&#8220;2\/3&#8243;][vc_column_text]<\/p>\n<h1 style=\"font: 28px\/normal 'Open Sans', Arial, Helvetica, sans-serif; margin: 0px 0px 20px; padding: 0px; border: 0px currentColor; color: #333333; text-transform: none; text-indent: 0px; letter-spacing: normal; word-spacing: 0px; vertical-align: baseline; white-space: normal; orphans: 2; widows: 2; font-size-adjust: none; font-stretch: normal; background-color: #ffffff; -webkit-text-stroke-width: 0px; text-decoration-style: initial; text-decoration-color: initial;\"><strong>Das Inner-Leadership Training<\/strong><\/h1>\n<p style=\"margin: 0px 0px 20px; padding: 0px; border: 0px currentColor; color: #424242; text-transform: none; line-height: inherit; text-indent: 0px; letter-spacing: normal; font-family: 'Open Sans', Arial, Helvetica, sans-serif; font-size: 16px; font-style: normal; font-weight: normal; word-spacing: 0px; vertical-align: baseline; white-space: normal; orphans: 2; widows: 2; font-stretch: inherit; background-color: #ffffff; -webkit-text-stroke-width: 0px; text-decoration-style: initial; text-decoration-color: initial; font-variant-ligatures: normal; font-variant-caps: normal; font-variant-numeric: inherit;\">Wie bleiben Sie fokussiert und motiviert in einem anspruchsvollen Arbeitsumfeld? Wie k\u00f6nnen Sie Ihr berufliches und pers\u00f6nliches Leben in Balance halten mit allen t\u00e4glichen Anforderungen?<\/p>\n<p style=\"margin: 0px 0px 20px; padding: 0px; border: 0px currentColor; color: #424242; text-transform: none; line-height: inherit; text-indent: 0px; letter-spacing: normal; font-family: 'Open Sans', Arial, Helvetica, sans-serif; font-size: 16px; font-style: normal; font-weight: normal; word-spacing: 0px; vertical-align: baseline; white-space: normal; orphans: 2; widows: 2; font-stretch: inherit; background-color: #ffffff; -webkit-text-stroke-width: 0px; text-decoration-style: initial; text-decoration-color: initial; font-variant-ligatures: normal; font-variant-caps: normal; font-variant-numeric: inherit;\">Es geht darum bewusste Entscheidungen zu treffen, indem wir Verstand, K\u00f6rper und Geist in Balance bringen, die F\u00e4higkeit erlangen, unsere Bed\u00fcrfnisse zu beurteilen und die Erf\u00fcllung dieser sicherzustellen.<\/p>\n<p style=\"margin: 0px 0px 20px; padding: 0px; border: 0px currentColor; color: #424242; text-transform: none; line-height: inherit; text-indent: 0px; letter-spacing: normal; font-family: 'Open Sans', Arial, Helvetica, sans-serif; font-size: 16px; font-style: normal; font-weight: normal; word-spacing: 0px; vertical-align: baseline; white-space: normal; orphans: 2; widows: 2; font-stretch: inherit; background-color: #ffffff; -webkit-text-stroke-width: 0px; text-decoration-style: initial; text-decoration-color: initial; font-variant-ligatures: normal; font-variant-caps: normal; font-variant-numeric: inherit;\">Ein Trainingsprogramm f\u00fcr alle, die im beruflichen und pers\u00f6nlichen Umfeld ihre Potenziale weiter entdecken und entwickeln wollen. Die Entwicklung der menschlichen F\u00e4higkeiten ist vielf\u00e4ltig. Nur wenige Menschen kennen ihre wahren Potenziale und wissen, wie sie ihre Kr\u00e4fte entfalten und ihre Visionen verwirklichen k\u00f6nnen. Das Selbstbewusstsein st\u00e4rken &#8211; sich bewusst machen, was im innern abl\u00e4uft und was nach Aussen wirkt und welche Potenziale vorhanden sind.<\/p>\n<ul style=\"list-style: square; margin: 0px 0px 20px 30px; padding: 0px; border: 0px currentColor; color: #424242; text-transform: none; line-height: inherit; text-indent: 0px; letter-spacing: normal; font-family: 'Open Sans', Arial, Helvetica, sans-serif; font-size: 16px; font-style: normal; font-weight: normal; word-spacing: 0px; vertical-align: baseline; white-space: normal; orphans: 2; widows: 2; font-stretch: inherit; background-color: #ffffff; -webkit-text-stroke-width: 0px; text-decoration-style: initial; text-decoration-color: initial; font-variant-ligatures: normal; font-variant-caps: normal; font-variant-numeric: inherit;\">\n<li>Das Selbstbewusstsein st\u00e4rken \u2013 sich bewusst machen, was im Inneren abl\u00e4uft und was nach aussen wirkt und welche Potenziale vorhanden sind.<\/li>\n<li>Kommunikation \u2013 sich klar und pr\u00e4zise ausdr\u00fccken.<\/li>\n<li>Die F\u00fchrung \u00fcbernehmen\u00a0\u2013 niemand erm\u00e4chtigt Sie, ausser Sie selbst.<\/li>\n<\/ul>\n<p style=\"margin: 0px 0px 20px; padding: 0px; border: 0px currentColor; color: #424242; text-transform: none; line-height: inherit; text-indent: 0px; letter-spacing: normal; font-family: 'Open Sans', Arial, Helvetica, sans-serif; font-size: 16px; font-style: normal; font-weight: normal; word-spacing: 0px; vertical-align: baseline; white-space: normal; orphans: 2; widows: 2; font-stretch: inherit; background-color: #ffffff; -webkit-text-stroke-width: 0px; text-decoration-style: initial; text-decoration-color: initial; font-variant-ligatures: normal; font-variant-caps: normal; font-variant-numeric: inherit;\">Aktivieren Sie Ihren \u201eInneren Leader\u201c.<\/p>\n<p>Das Inner-Leadership Training wird mit max. zehn Teilnehmenden an acht Halbtagen durchgef\u00fchrt. Es wird bewusst im Intervall trainiert, damit das Erlernte unmittelbar im beruflichen Alltag angewendet werden kann. Die Arbeitsweise\u00a0 ist praxisorientiert, mit Arbeit an sich selbst und anderen Teilnehmenden.<\/p>\n<p><strong>Zielgruppe:<\/strong> Berufsleute, die sich auf eine neue F\u00fchrungsrolle vorbereiten wollen \u2013 oder wer sich dazu berufen f\u00fchlt.<\/p>\n<p><strong>Durchf\u00fchrung:<\/strong> Auf Anfrage<br \/>\n<strong>Ort:<\/strong>\u00a0Region Z\u00fcrich<\/p>\n<p><strong>Investition:<\/strong> CHF 3250 inkl. Infrastruktur, Kursmaterial und Pausengetr\u00e4nk<br \/>\n<strong>Leitung:<\/strong> Chantalle Moerker &#8211; Master of Engineering und Master of Psychology<\/p>\n<p style=\"margin: 0px 0px 20px; padding: 0px; border: 0px currentColor; color: #424242; text-transform: none; line-height: inherit; text-indent: 0px; letter-spacing: normal; font-family: 'Open Sans', Arial, Helvetica, sans-serif; font-size: 16px; font-style: normal; font-weight: normal; word-spacing: 0px; vertical-align: baseline; white-space: normal; orphans: 2; widows: 2; font-stretch: inherit; background-color: #ffffff; -webkit-text-stroke-width: 0px; text-decoration-style: initial; text-decoration-color: initial; font-variant-ligatures: normal; font-variant-caps: normal; font-variant-numeric: inherit;\"><a href=\"https:\/\/rolfbrunold.ch\/index.php\/anmeldung-inner-leadership\" target=\"_self\" class=\"button color-3 small \" style=\"border-radius: 2px;\">Anfrage<\/a> <span style=\"color: #424242; text-transform: none; text-indent: 0px; letter-spacing: normal; font-family: 'Open Sans', Arial, Helvetica, sans-serif; font-size: 16px; font-style: normal; font-weight: 400; word-spacing: 0px; float: none; display: inline !important; white-space: normal; orphans: 2; widows: 2; background-color: #ffffff; font-variant-ligatures: normal; font-variant-caps: normal; -webkit-text-stroke-width: 0px; text-decoration-style: initial; text-decoration-color: initial;\">\u00a0<\/span><\/p>\n<p style=\"margin: 0px 0px 20px; padding: 0px; border: 0px currentColor; color: #424242; text-transform: none; line-height: inherit; text-indent: 0px; letter-spacing: normal; font-family: 'Open Sans', Arial, Helvetica, sans-serif; font-size: 16px; font-style: normal; font-weight: normal; word-spacing: 0px; vertical-align: baseline; white-space: normal; orphans: 2; widows: 2; font-stretch: inherit; background-color: #ffffff; -webkit-text-stroke-width: 0px; text-decoration-style: initial; text-decoration-color: initial; font-variant-ligatures: normal; font-variant-caps: normal; font-variant-numeric: inherit;\">Gerne stehe ich Ihnen bei weiteren Fragen zur Verf\u00fcgung, oder vereinbaren Sie jetzt ein erstes unverbindliches Gespr\u00e4ch unter <strong>044 888 60 60<\/strong>. Ein Anruf oder eine E-Mail gen\u00fcgt.<\/p>\n<p style=\"margin: 0px 0px 20px; padding: 0px; border: 0px currentColor; color: #424242; text-transform: none; line-height: inherit; text-indent: 0px; letter-spacing: normal; font-family: 'Open Sans', Arial, Helvetica, sans-serif; font-size: 16px; font-style: normal; font-weight: normal; word-spacing: 0px; vertical-align: baseline; white-space: normal; orphans: 2; widows: 2; font-stretch: inherit; background-color: #ffffff; -webkit-text-stroke-width: 0px; text-decoration-style: initial; text-decoration-color: initial; font-variant-ligatures: normal; font-variant-caps: normal; font-variant-numeric: inherit;\"><a class=\"button color-1 small \" href=\"https:\/\/rolfbrunold.ch\/index.php\/kontakt\/\" target=\"_self\" rel=\"noopener noreferrer\">KONTAKT<\/a><\/p>\n<p>[\/vc_column_text][\/vc_column][vc_column width=&#8220;1\/3&#8243;]<div class=\"single_image wpb_content_element align-left    \" data-animation=\"none\" data-delay=\"0\"><a href=\"https:\/\/rolfbrunold.ch\/wp-content\/uploads\/2023\/04\/Flyer-Inner-Leadership-auf-Anfrage_o.-Datum.pdf\" target=\"_blank\"><img loading=\"lazy\" decoding=\"async\" width=\"720\" height=\"1040\" src=\"https:\/\/rolfbrunold.ch\/wp-content\/uploads\/2023\/04\/Folie1-3.jpg\" class=\"attachment-full\" alt=\"\" title=\"Folie1\" srcset=\"https:\/\/rolfbrunold.ch\/wp-content\/uploads\/2023\/04\/Folie1-3.jpg 720w, https:\/\/rolfbrunold.ch\/wp-content\/uploads\/2023\/04\/Folie1-3-208x300.jpg 208w, https:\/\/rolfbrunold.ch\/wp-content\/uploads\/2023\/04\/Folie1-3-709x1024.jpg 709w\" sizes=\"auto, (max-width: 720px) 100vw, 720px\" \/><\/a><\/div><div class=\"single_image wpb_content_element align-left    \" data-animation=\"none\" data-delay=\"0\"><img loading=\"lazy\" decoding=\"async\" width=\"297\" height=\"170\" src=\"https:\/\/rolfbrunold.ch\/wp-content\/uploads\/2017\/06\/Ich-will.jpg\" class=\"attachment-full\" alt=\"\" title=\"Ich will\" \/><\/div>[\/vc_column][\/vc_row]<\/p>\n<\/div>","protected":false},"excerpt":{"rendered":"<p>[vc_row][vc_column width=&#8220;2\/3&#8243;][vc_column_text] Das Inner-Leadership Training Wie bleiben Sie fokussiert und motiviert in einem anspruchsvollen Arbeitsumfeld? Wie k\u00f6nnen Sie Ihr berufliches und pers\u00f6nliches Leben in Balance halten mit allen t\u00e4glichen Anforderungen? Es geht darum bewusste Entscheidungen zu treffen, indem wir Verstand, K\u00f6rper und Geist in Balance bringen, die F\u00e4higkeit erlangen, unsere Bed\u00fcrfnisse zu beurteilen und die Erf\u00fcllung dieser sicherzustellen. Ein Trainingsprogramm f\u00fcr alle, die im beruflichen und pers\u00f6nlichen Umfeld ihre Potenziale weiter entdecken und entwickeln wollen. Die Entwicklung der menschlichen F\u00e4higkeiten ist vielf\u00e4ltig. Nur wenige Menschen kennen ihre wahren Potenziale und wissen, wie sie ihre Kr\u00e4fte entfalten und ihre Visionen verwirklichen k\u00f6nnen. Das Selbstbewusstsein st\u00e4rken &#8211; sich bewusst machen, was im innern abl\u00e4uft und was nach Aussen wirkt und welche Potenziale vorhanden sind. Das Selbstbewusstsein st\u00e4rken \u2013 sich bewusst machen, was im Inneren abl\u00e4uft und was nach aussen wirkt und welche Potenziale vorhanden sind. Kommunikation \u2013 sich klar und pr\u00e4zise ausdr\u00fccken. Die F\u00fchrung \u00fcbernehmen\u00a0\u2013 niemand erm\u00e4chtigt Sie, ausser Sie selbst. Aktivieren Sie Ihren \u201eInneren Leader\u201c. Das Inner-Leadership Training wird mit max. zehn Teilnehmenden an acht Halbtagen durchgef\u00fchrt. Es wird bewusst im Intervall trainiert, damit das Erlernte unmittelbar im beruflichen Alltag angewendet werden kann. Die Arbeitsweise\u00a0 ist praxisorientiert, mit Arbeit an sich [&hellip;]<\/p>\n","protected":false},"author":2,"featured_media":0,"parent":0,"menu_order":0,"comment_status":"closed","ping_status":"closed","template":"","meta":{"footnotes":""},"class_list":["post-15920","page","type-page","status-publish","hentry"],"_links":{"self":[{"href":"https:\/\/rolfbrunold.ch\/index.php\/wp-json\/wp\/v2\/pages\/15920","targetHints":{"allow":["GET"]}}],"collection":[{"href":"https:\/\/rolfbrunold.ch\/index.php\/wp-json\/wp\/v2\/pages"}],"about":[{"href":"https:\/\/rolfbrunold.ch\/index.php\/wp-json\/wp\/v2\/types\/page"}],"author":[{"embeddable":true,"href":"https:\/\/rolfbrunold.ch\/index.php\/wp-json\/wp\/v2\/users\/2"}],"replies":[{"embeddable":true,"href":"https:\/\/rolfbrunold.ch\/index.php\/wp-json\/wp\/v2\/comments?post=15920"}],"version-history":[{"count":51,"href":"https:\/\/rolfbrunold.ch\/index.php\/wp-json\/wp\/v2\/pages\/15920\/revisions"}],"predecessor-version":[{"id":19302,"href":"https:\/\/rolfbrunold.ch\/index.php\/wp-json\/wp\/v2\/pages\/15920\/revisions\/19302"}],"wp:attachment":[{"href":"https:\/\/rolfbrunold.ch\/index.php\/wp-json\/wp\/v2\/media?parent=15920"}],"curies":[{"name":"wp","href":"https:\/\/api.w.org\/{rel}","templated":true}]}}

<div class="wpb-content-wrapper"><p>[vc_row][vc_column width=&#8220;2/3&#8243;][vc_column_text]</p>
<h1 style="font: 28px/normal 'Open Sans', Arial, Helvetica, sans-serif; margin: 0px 0px 20px; padding: 0px; border: 0px currentColor; color: #333333; text-transform: none; text-indent: 0px; letter-spacing: normal; word-spacing: 0px; vertical-align: baseline; white-space: normal; orphans: 2; widows: 2; font-size-adjust: none; font-stretch: normal; background-color: #ffffff; -webkit-text-stroke-width: 0px; text-decoration-style: initial; text-decoration-color: initial;"><strong>Das Inner-Leadership Training</strong></h1>
<p style="margin: 0px 0px 20px; padding: 0px; border: 0px currentColor; color: #424242; text-transform: none; line-height: inherit; text-indent: 0px; letter-spacing: normal; font-family: 'Open Sans', Arial, Helvetica, sans-serif; font-size: 16px; font-style: normal; font-weight: normal; word-spacing: 0px; vertical-align: baseline; white-space: normal; orphans: 2; widows: 2; font-stretch: inherit; background-color: #ffffff; -webkit-text-stroke-width: 0px; text-decoration-style: initial; text-decoration-color: initial; font-variant-ligatures: normal; font-variant-caps: normal; font-variant-numeric: inherit;">Wie bleiben Sie fokussiert und motiviert in einem anspruchsvollen Arbeitsumfeld? Wie können Sie Ihr berufliches und persönliches Leben in Balance halten mit allen täglichen Anforderungen?</p>
<p style="margin: 0px 0px 20px; padding: 0px; border: 0px currentColor; color: #424242; text-transform: none; line-height: inherit; text-indent: 0px; letter-spacing: normal; font-family: 'Open Sans', Arial, Helvetica, sans-serif; font-size: 16px; font-style: normal; font-weight: normal; word-spacing: 0px; vertical-align: baseline; white-space: normal; orphans: 2; widows: 2; font-stretch: inherit; background-color: #ffffff; -webkit-text-stroke-width: 0px; text-decoration-style: initial; text-decoration-color: initial; font-variant-ligatures: normal; font-variant-caps: normal; font-variant-numeric: inherit;">Es geht darum bewusste Entscheidungen zu treffen, indem wir Verstand, Körper und Geist in Balance bringen, die Fähigkeit erlangen, unsere Bedürfnisse zu beurteilen und die Erfüllung dieser sicherzustellen.</p>
<p style="margin: 0px 0px 20px; padding: 0px; border: 0px currentColor; color: #424242; text-transform: none; line-height: inherit; text-indent: 0px; letter-spacing: normal; font-family: 'Open Sans', Arial, Helvetica, sans-serif; font-size: 16px; font-style: normal; font-weight: normal; word-spacing: 0px; vertical-align: baseline; white-space: normal; orphans: 2; widows: 2; font-stretch: inherit; background-color: #ffffff; -webkit-text-stroke-width: 0px; text-decoration-style: initial; text-decoration-color: initial; font-variant-ligatures: normal; font-variant-caps: normal; font-variant-numeric: inherit;">Ein Trainingsprogramm für alle, die im beruflichen und persönlichen Umfeld ihre Potenziale weiter entdecken und entwickeln wollen. Die Entwicklung der menschlichen Fähigkeiten ist vielfältig. Nur wenige Menschen kennen ihre wahren Potenziale und wissen, wie sie ihre Kräfte entfalten und ihre Visionen verwirklichen können. Das Selbstbewusstsein stärken &#8211; sich bewusst machen, was im innern abläuft und was nach Aussen wirkt und welche Potenziale vorhanden sind.</p>
<ul style="list-style: square; margin: 0px 0px 20px 30px; padding: 0px; border: 0px currentColor; color: #424242; text-transform: none; line-height: inherit; text-indent: 0px; letter-spacing: normal; font-family: 'Open Sans', Arial, Helvetica, sans-serif; font-size: 16px; font-style: normal; font-weight: normal; word-spacing: 0px; vertical-align: baseline; white-space: normal; orphans: 2; widows: 2; font-stretch: inherit; background-color: #ffffff; -webkit-text-stroke-width: 0px; text-decoration-style: initial; text-decoration-color: initial; font-variant-ligatures: normal; font-variant-caps: normal; font-variant-numeric: inherit;">
<li>Das Selbstbewusstsein stärken – sich bewusst machen, was im Inneren abläuft und was nach aussen wirkt und welche Potenziale vorhanden sind.</li>
<li>Kommunikation – sich klar und präzise ausdrücken.</li>
<li>Die Führung übernehmen – niemand ermächtigt Sie, ausser Sie selbst.</li>
</ul>
<p style="margin: 0px 0px 20px; padding: 0px; border: 0px currentColor; color: #424242; text-transform: none; line-height: inherit; text-indent: 0px; letter-spacing: normal; font-family: 'Open Sans', Arial, Helvetica, sans-serif; font-size: 16px; font-style: normal; font-weight: normal; word-spacing: 0px; vertical-align: baseline; white-space: normal; orphans: 2; widows: 2; font-stretch: inherit; background-color: #ffffff; -webkit-text-stroke-width: 0px; text-decoration-style: initial; text-decoration-color: initial; font-variant-ligatures: normal; font-variant-caps: normal; font-variant-numeric: inherit;">Aktivieren Sie Ihren „Inneren Leader“.</p>
<p>Das Inner-Leadership Training wird mit max. zehn Teilnehmenden an acht Halbtagen durchgeführt. Es wird bewusst im Intervall trainiert, damit das Erlernte unmittelbar im beruflichen Alltag angewendet werden kann. Die Arbeitsweise  ist praxisorientiert, mit Arbeit an sich selbst und anderen Teilnehmenden.</p>
<p><strong>Zielgruppe:</strong> Berufsleute, die sich auf eine neue Führungsrolle vorbereiten wollen – oder wer sich dazu berufen fühlt.</p>
<p><strong>Durchführung:</strong> Auf Anfrage<br />
<strong>Ort:</strong> Region Zürich</p>
<p><strong>Investition:</strong> CHF 3250 inkl. Infrastruktur, Kursmaterial und Pausengetränk<br />
<strong>Leitung:</strong> Chantalle Moerker &#8211; Master of Engineering und Master of Psychology</p>
<p style="margin: 0px 0px 20px; padding: 0px; border: 0px currentColor; color: #424242; text-transform: none; line-height: inherit; text-indent: 0px; letter-spacing: normal; font-family: 'Open Sans', Arial, Helvetica, sans-serif; font-size: 16px; font-style: normal; font-weight: normal; word-spacing: 0px; vertical-align: baseline; white-space: normal; orphans: 2; widows: 2; font-stretch: inherit; background-color: #ffffff; -webkit-text-stroke-width: 0px; text-decoration-style: initial; text-decoration-color: initial; font-variant-ligatures: normal; font-variant-caps: normal; font-variant-numeric: inherit;"><a href="https://rolfbrunold.ch/index.php/anmeldung-inner-leadership" target="_self" class="button color-3 small " style="border-radius: 2px;">Anfrage</a> <span style="color: #424242; text-transform: none; text-indent: 0px; letter-spacing: normal; font-family: 'Open Sans', Arial, Helvetica, sans-serif; font-size: 16px; font-style: normal; font-weight: 400; word-spacing: 0px; float: none; display: inline !important; white-space: normal; orphans: 2; widows: 2; background-color: #ffffff; font-variant-ligatures: normal; font-variant-caps: normal; -webkit-text-stroke-width: 0px; text-decoration-style: initial; text-decoration-color: initial;"> </span></p>
<p style="margin: 0px 0px 20px; padding: 0px; border: 0px currentColor; color: #424242; text-transform: none; line-height: inherit; text-indent: 0px; letter-spacing: normal; font-family: 'Open Sans', Arial, Helvetica, sans-serif; font-size: 16px; font-style: normal; font-weight: normal; word-spacing: 0px; vertical-align: baseline; white-space: normal; orphans: 2; widows: 2; font-stretch: inherit; background-color: #ffffff; -webkit-text-stroke-width: 0px; text-decoration-style: initial; text-decoration-color: initial; font-variant-ligatures: normal; font-variant-caps: normal; font-variant-numeric: inherit;">Gerne stehe ich Ihnen bei weiteren Fragen zur Verfügung, oder vereinbaren Sie jetzt ein erstes unverbindliches Gespräch unter <strong>044 888 60 60</strong>. Ein Anruf oder eine E-Mail genügt.</p>
<p style="margin: 0px 0px 20px; padding: 0px; border: 0px currentColor; color: #424242; text-transform: none; line-height: inherit; text-indent: 0px; letter-spacing: normal; font-family: 'Open Sans', Arial, Helvetica, sans-serif; font-size: 16px; font-style: normal; font-weight: normal; word-spacing: 0px; vertical-align: baseline; white-space: normal; orphans: 2; widows: 2; font-stretch: inherit; background-color: #ffffff; -webkit-text-stroke-width: 0px; text-decoration-style: initial; text-decoration-color: initial; font-variant-ligatures: normal; font-variant-caps: normal; font-variant-numeric: inherit;"><a class="button color-1 small " href="https://rolfbrunold.ch/index.php/kontakt/" target="_self" rel="noopener noreferrer">KONTAKT</a></p>
<p>[/vc_column_text][/vc_column][vc_column width=&#8220;1/3&#8243;]<div class="single_image wpb_content_element align-left    " data-animation="none" data-delay="0"><a href="https://rolfbrunold.ch/wp-content/uploads/2023/04/Flyer-Inner-Leadership-auf-Anfrage_o.-Datum.pdf" target="_blank"><img loading="lazy" decoding="async" width="720" height="1040" src="https://rolfbrunold.ch/wp-content/uploads/2023/04/Folie1-3.jpg" class="attachment-full" alt="" title="Folie1" srcset="https://rolfbrunold.ch/wp-content/uploads/2023/04/Folie1-3.jpg 720w, https://rolfbrunold.ch/wp-content/uploads/2023/04/Folie1-3-208x300.jpg 208w, https://rolfbrunold.ch/wp-content/uploads/2023/04/Folie1-3-709x1024.jpg 709w" sizes="auto, (max-width: 720px) 100vw, 720px" /></a></div><div class="single_image wpb_content_element align-left    " data-animation="none" data-delay="0"><img loading="lazy" decoding="async" width="297" height="170" src="https://rolfbrunold.ch/wp-content/uploads/2017/06/Ich-will.jpg" class="attachment-full" alt="" title="Ich will" /></div>[/vc_column][/vc_row]</p>
</div>

<p>[vc_row][vc_column width=&#8220;2/3&#8243;][vc_column_text] Das Inner-Leadership Training Wie bleiben Sie fokussiert und motiviert in einem anspruchsvollen Arbeitsumfeld? Wie können Sie Ihr berufliches und persönliches Leben in Balance halten mit allen täglichen Anforderungen? Es geht darum bewusste Entscheidungen zu treffen, indem wir Verstand, Körper und Geist in Balance bringen, die Fähigkeit erlangen, unsere Bedürfnisse zu beurteilen und die Erfüllung dieser sicherzustellen. Ein Trainingsprogramm für alle, die im beruflichen und persönlichen Umfeld ihre Potenziale weiter entdecken und entwickeln wollen. Die Entwicklung der menschlichen Fähigkeiten ist vielfältig. Nur wenige Menschen kennen ihre wahren Potenziale und wissen, wie sie ihre Kräfte entfalten und ihre Visionen verwirklichen können. Das Selbstbewusstsein stärken &#8211; sich bewusst machen, was im innern abläuft und was nach Aussen wirkt und welche Potenziale vorhanden sind. Das Selbstbewusstsein stärken – sich bewusst machen, was im Inneren abläuft und was nach aussen wirkt und welche Potenziale vorhanden sind. Kommunikation – sich klar und präzise ausdrücken. Die Führung übernehmen – niemand ermächtigt Sie, ausser Sie selbst. Aktivieren Sie Ihren „Inneren Leader“. Das Inner-Leadership Training wird mit max. zehn Teilnehmenden an acht Halbtagen durchgeführt. Es wird bewusst im Intervall trainiert, damit das Erlernte unmittelbar im beruflichen Alltag angewendet werden kann. Die Arbeitsweise  ist praxisorientiert, mit Arbeit an sich [&hellip;]</p>
