{"id":15913,"date":"2017-06-28T13:24:37","date_gmt":"2017-06-28T11:24:37","guid":{"rendered":"https:\/\/rolfbrunold.ch\/?page_id=15913"},"modified":"2026-04-12T20:13:08","modified_gmt":"2026-04-12T18:13:08","slug":"kommunikation-2","status":"publish","type":"page","link":"https:\/\/rolfbrunold.ch\/index.php\/kommunikation-2\/","title":{"rendered":"Kommunikation"},"content":{"rendered":"<div class=\"wpb-content-wrapper\"><p>[vc_row][vc_column width=&#8220;2\/3&#8243;][vc_column_text]<\/p>\n<h1><strong>Das Kommunikations-Training<\/strong><\/h1>\n<p>Unternehmen wissen heute l\u00e4ngst, dass Kommunikationsf\u00e4higkeit wesentlich bessere Gesch\u00e4ftsergebnisse bedeutet. Es sind Menschen, welche die Kundenzufriedenheit erh\u00f6hen, das Arbeitsklima schaffen und die Wertsch\u00f6pfung steigern. Aber wie k\u00f6nnen Unternehmen und Organisationen ihre MitarbeiterInnen dazu veranlassen, kommunikative H\u00f6chstleistungen zu erbringen?<\/p>\n<p>Die Antwort lautet : Trainieren an und mit ihren eigenen F\u00e4higkeiten.<\/p>\n<p>Kurz: Dieses Training bef\u00e4higt, weit \u00fcber die Bereiche hinauszugehen, in denen man sich sicher f\u00fchlt, indem ehrgeizige Ziele gesteckt und erreicht werden.<\/p>\n<p>Die TeilnehmerInnen arbeiten in sechs Trainingseinheiten\u00a0im Intervall an den Ursachen, in einem kontinuierlichen Wachstumszyklus in vier Phasen:<\/p>\n<ul>\n<li><strong>Einstellung<\/strong> &#8211; Sich weiterbilden, sich vor Augen halten, was aus Ihnen werden kann<\/li>\n<li><strong>Wissen<\/strong> &#8211; Informationen, Werkzeuge, Methoden und Strategien<\/li>\n<li><strong>Praxis<\/strong> &#8211; Anwendung des Wissens in der Praxis, in realen, eigenen Alltagssituationen<\/li>\n<li><strong>Vertiefung<\/strong> &#8211; Weiterer Ausbau der Kenntnisse, um Spitzenleistungen zu erm\u00f6glichen<\/li>\n<\/ul>\n<p>Die TeilnehmerInnen lernen die erfolgsrelevanten Prinzipien im Tagesgesch\u00e4ft umzusetzen. Das schafft eine solide Basis, welche die Absolventen in ihrer lebenslangen Laufbahn &#8211; im Beruf, privat und in der Gesellschaft &#8211; \u00e4usserst wirksam begleitet. Trainieren Sie Ihre &#8222;Schl\u00fcsself\u00e4higkeiten&#8220; mit diesem Intervalltraining!<\/p>\n<p><span style=\"font-size: 12pt;\">Das n\u00e4chste Kommunikations-Training startet:<\/span><br \/>\n<strong>Montag, 14. September bis 19. Oktober 2026, von 18.30 &#8211; 22.00 Uhr<br \/>\n<\/strong><\/p>\n<p><strong><a href=\"https:\/\/pfarrei-st-franziskus.ch\/ueber-uns\/lageplan\/\">Ort: Bassersdorf<\/a><\/strong><br \/>\n<strong>Investition:<\/strong> CHF 1850 inkl. Kursmaterial\u00a0und Pausengetr\u00e4nk<\/p>\n<p><strong><a href=\"https:\/\/rolfbrunold.ch\/index.php\/anmeldung-kommunikation\/\" target=\"_self\" class=\"button color-2 small \" style=\"border-radius: 2px;\">Anmelden<\/a>\u00a0\u00a0 <\/strong><\/p>\n<p>Einfach besser werden: Sie werden das Plus unter dem Strich feststellen.<\/p>\n<p><span style=\"font-size: 14pt;\"><strong><span style=\"font-size: 18pt;\">Holen Sie sich Ihren ganz pers\u00f6nlichen Eindruck!<\/span>\u00a0 \u00a0 \u00a0 \u00a0 \u00a0 \u00a0 \u00a0 \u00a0 \u00a0 \u00a0 \u00a0 \u00a0 \u00a0 \u00a0 \u00a0 \u00a0 <\/strong><\/span>M\u00f6chten Sie sich noch eingehender \u00fcber das Kommunikations-Training informieren? Dann empfehle ich Ihnen den ersten Trainingsabend als Gast unverbindlich und kostenlos zu besuchen. Reservieren Sie sich noch heute Ihren Platz und holen Sie sich Ihren ganz pers\u00f6nlichen Eindruck. Die G\u00e4stepl\u00e4tze sind begrenzt.<\/p>\n<p><strong><a href=\"https:\/\/rolfbrunold.ch\/index.php\/anmeldung-kommunikation\/\" target=\"_self\" class=\"button color-1 small \" style=\"border-radius: 2px;\">Anmeldung als Gast<\/a>\u00a0\u00a0<\/strong><\/p>\n<p style=\"margin: 0px 0px 20px; padding: 0px; border: 0px currentColor; color: #424242; text-transform: none; line-height: inherit; text-indent: 0px; letter-spacing: normal; font-family: 'Open Sans', Arial, Helvetica, sans-serif; font-size: 16px; font-style: normal; font-weight: normal; word-spacing: 0px; vertical-align: baseline; white-space: normal; orphans: 2; widows: 2; font-stretch: inherit; background-color: #ffffff; font-variant-ligatures: normal; font-variant-caps: normal; -webkit-text-stroke-width: 0px; text-decoration-style: initial; text-decoration-color: initial; font-variant-numeric: inherit;\">Gerne stehe ich Ihnen bei weiteren Fragen zur Verf\u00fcgung, oder vereinbaren Sie jetzt ein erstes Gespr\u00e4ch unter <strong>044 888 60 60<\/strong>. Ein Anruf oder eine E-Mail gen\u00fcgt.<\/p>\n<a href=\"https:\/\/rolfbrunold.ch\/index.php\/kontakt\/\" target=\"_self\" class=\"button color-1 small \" style=\"border-radius: 2px;\">Kontakt<\/a>[\/vc_column_text][\/vc_column][vc_column width=&#8220;1\/3&#8243;]<div class=\"single_image wpb_content_element align-left    \" data-animation=\"none\" data-delay=\"0\"><a href=\"https:\/\/rolfbrunold.ch\/wp-content\/uploads\/2026\/04\/Flyer-Komm-T.14.9.26-orig.pdf\" target=\"_blank\"><img loading=\"lazy\" decoding=\"async\" width=\"720\" height=\"1040\" src=\"https:\/\/rolfbrunold.ch\/wp-content\/uploads\/2026\/04\/Folie1-1.jpg\" class=\"attachment-full\" alt=\"\" title=\"Folie1\" srcset=\"https:\/\/rolfbrunold.ch\/wp-content\/uploads\/2026\/04\/Folie1-1.jpg 720w, https:\/\/rolfbrunold.ch\/wp-content\/uploads\/2026\/04\/Folie1-1-208x300.jpg 208w, https:\/\/rolfbrunold.ch\/wp-content\/uploads\/2026\/04\/Folie1-1-709x1024.jpg 709w\" sizes=\"auto, (max-width: 720px) 100vw, 720px\" \/><\/a><\/div><div class=\"single_image wpb_content_element align-left    \" data-animation=\"none\" data-delay=\"0\"><img loading=\"lazy\" decoding=\"async\" width=\"297\" height=\"170\" src=\"https:\/\/rolfbrunold.ch\/wp-content\/uploads\/2017\/06\/Ich-will.jpg\" class=\"attachment-full\" alt=\"\" title=\"Ich will\" \/><\/div>[\/vc_column][\/vc_row]<\/p>\n<\/div>","protected":false},"excerpt":{"rendered":"<p>[vc_row][vc_column width=&#8220;2\/3&#8243;][vc_column_text] Das Kommunikations-Training Unternehmen wissen heute l\u00e4ngst, dass Kommunikationsf\u00e4higkeit wesentlich bessere Gesch\u00e4ftsergebnisse bedeutet. Es sind Menschen, welche die Kundenzufriedenheit erh\u00f6hen, das Arbeitsklima schaffen und die Wertsch\u00f6pfung steigern. Aber wie k\u00f6nnen Unternehmen und Organisationen ihre MitarbeiterInnen dazu veranlassen, kommunikative H\u00f6chstleistungen zu erbringen? Die Antwort lautet : Trainieren an und mit ihren eigenen F\u00e4higkeiten. Kurz: Dieses Training bef\u00e4higt, weit \u00fcber die Bereiche hinauszugehen, in denen man sich sicher f\u00fchlt, indem ehrgeizige Ziele gesteckt und erreicht werden. Die TeilnehmerInnen arbeiten in sechs Trainingseinheiten\u00a0im Intervall an den Ursachen, in einem kontinuierlichen Wachstumszyklus in vier Phasen: Einstellung &#8211; Sich weiterbilden, sich vor Augen halten, was aus Ihnen werden kann Wissen &#8211; Informationen, Werkzeuge, Methoden und Strategien Praxis &#8211; Anwendung des Wissens in der Praxis, in realen, eigenen Alltagssituationen Vertiefung &#8211; Weiterer Ausbau der Kenntnisse, um Spitzenleistungen zu erm\u00f6glichen Die TeilnehmerInnen lernen die erfolgsrelevanten Prinzipien im Tagesgesch\u00e4ft umzusetzen. Das schafft eine solide Basis, welche die Absolventen in ihrer lebenslangen Laufbahn &#8211; im Beruf, privat und in der Gesellschaft &#8211; \u00e4usserst wirksam begleitet. Trainieren Sie Ihre &#8222;Schl\u00fcsself\u00e4higkeiten&#8220; mit diesem Intervalltraining! Das n\u00e4chste Kommunikations-Training startet: Montag, 14. September bis 19. Oktober 2026, von 18.30 &#8211; 22.00 Uhr Ort: Bassersdorf Investition: CHF 1850 inkl. Kursmaterial\u00a0und Pausengetr\u00e4nk \u00a0\u00a0 Einfach [&hellip;]<\/p>\n","protected":false},"author":2,"featured_media":0,"parent":0,"menu_order":0,"comment_status":"closed","ping_status":"closed","template":"","meta":{"footnotes":""},"class_list":["post-15913","page","type-page","status-publish","hentry"],"_links":{"self":[{"href":"https:\/\/rolfbrunold.ch\/index.php\/wp-json\/wp\/v2\/pages\/15913","targetHints":{"allow":["GET"]}}],"collection":[{"href":"https:\/\/rolfbrunold.ch\/index.php\/wp-json\/wp\/v2\/pages"}],"about":[{"href":"https:\/\/rolfbrunold.ch\/index.php\/wp-json\/wp\/v2\/types\/page"}],"author":[{"embeddable":true,"href":"https:\/\/rolfbrunold.ch\/index.php\/wp-json\/wp\/v2\/users\/2"}],"replies":[{"embeddable":true,"href":"https:\/\/rolfbrunold.ch\/index.php\/wp-json\/wp\/v2\/comments?post=15913"}],"version-history":[{"count":50,"href":"https:\/\/rolfbrunold.ch\/index.php\/wp-json\/wp\/v2\/pages\/15913\/revisions"}],"predecessor-version":[{"id":19941,"href":"https:\/\/rolfbrunold.ch\/index.php\/wp-json\/wp\/v2\/pages\/15913\/revisions\/19941"}],"wp:attachment":[{"href":"https:\/\/rolfbrunold.ch\/index.php\/wp-json\/wp\/v2\/media?parent=15913"}],"curies":[{"name":"wp","href":"https:\/\/api.w.org\/{rel}","templated":true}]}}